{"id":138,"date":"2017-12-12T11:32:34","date_gmt":"2017-12-12T10:32:34","guid":{"rendered":"https:\/\/www.etrucks.dev\/?post_type=etrucks&#038;p=138"},"modified":"2020-09-04T10:46:34","modified_gmt":"2020-09-04T08:46:34","slug":"interreg","status":"publish","type":"etrucks","link":"https:\/\/e-truckseurope.com\/de\/etrucks\/interreg\/","title":{"rendered":"Interreg"},"content":{"rendered":"\n\n<div class=\"container my-5 py-5\">\n  <div class=\"row\">\n    <div class=\"col-12\">\n      <h2 class=\"bluecolor mb-5\">Interreg Wasserstoffregion 2.0<\/h2>\n    <\/div>\n    <div class=\"col-md-6\">\n      <p>E-Trucks Europe baut hydrogenelektrische Hybrid-M\u00fcllwagen. Diese werden zu 100% elektrisch angetrieben, wodurch sie leise sind und keine Treibhausgase und Partikel aussto\u00dfen. Um die Reichweite zu erweitern, ist bei diesen Fahrzeugen ein Hydrogensystem montiert, das Hydrogen mit reinem Wasser als Abfallprodukt in Elektrizit\u00e4t umgewandelt. Auf diese Weise k\u00f6nnen die Fahrzeuge 24 Stunden am Tag genutzt werden und bleiben sie leise und sauber. <\/p>\n<p>Dann gibt\u2019s immer noch Henne-Ei-Problem. Hydrogen kann im Prinzip einfach an Tankstellen getankt werden. Es gibt aber noch zu wenig Tankstellen f\u00fcr Wasserstoff, so dass die Nachfrage nach Hydrogenfahrzeuge nur allm\u00e4hlich steigt. <\/p>\n<p>Eine Hydrogen-Tankstelle ist nur dann wirtschaftlich rentabel, wenn es ausreichend Kunden gibt. Um dieses Henne-Ei-Problem zu \u00fcberwinden ist eine Zusammenarbeit in der Kette erforderlich, damit Angebot und Nachfrage von Hydrogen lokal gleichzeitig entstehen. <\/p>\n<p>Die belgisch-niederl\u00e4ndische Partnerschaft \u2018Waterstofnet\u2019 stimuliert und begleitet diese Zusammenarbeit in der Kette, mit Unterst\u00fctzung von Interreg Vlaanderen-Nederland. E-trucks Europe stellt eine zunehmende Nachfrage von Regierungen nach Hydrogenm\u00fcllwagen fest, insbesondere zur innerst\u00e4dtischen Abfallsammlung. Oft werden auch Hydrogen-Servicefahrzeuge ben\u00f6tigt. E-Trucks Europe m\u00f6chte eine stimulierende Rolle bei der Schaffung der Nachfrage nach Hydrogenmobilit\u00e4t spielen, indem Kunden in dieses saubere Transportmittel eingef\u00fchrt werden. Dar\u00fcber hinaus, soll ein markenunabh\u00e4ngiges Konzept zur Wartung und Reparatur von Wassersystemen f\u00fcr Lkws und Pkws entwickelt werden. Nur eine begrenzte Anzahl von H\u00e4ndlern verf\u00fcgt derzeit \u00fcber das Fachwissen und die Einrichtungen um dies bereitzustellen. \u201eDer Mangel an Service und Wartungsm\u00f6glichkeiten f\u00fcr Hydrogenfahrzeuge sollte kein Hindernis f\u00fcr die Entwicklung der Nachfrage nach diesem nachhaltigen Transportmittel sein\u201c, sagte die Familie Beukers.<\/p>\n\n    <\/div>\n    <div class=\"col-md-6\">\n              <div class=\"video-container\" style=\"background-image: url()\">\n            <a href=\"https:\/\/youtu.be\/N6LADYakWUY\" class=\"video\"><\/a>\n        <\/div>\n          <\/div>\n  <\/div>\n<\/div>\n\n<div class=\"container pb-4  \">\n  <div class=\"photogallery\">\n    <h2 class=\"bluecolor mb-5\">Fotogalerie<\/h2>\n    <div class=\"wc-gallery\"><div id='gallery-1' data-gutter-width='5' data-columns='3' class='gallery wc-gallery-captions-onhover gallery-link-file gallery-masonry galleryid-138 gallery-columns-3 gallery-size-wccarousel wc-gallery-bottomspace-default wc-gallery-clear'><div class='gallery-item gallery-item-position-1 gallery-item-attachment-1818'>\n\t\t\t\t<div class='gallery-icon landscape'>\n\t\t\t\t\t<a href='https:\/\/e-truckseurope.com\/wp-content\/uploads\/2017\/12\/interreg-1-1.jpg' title='interreg-1' target='_self'><img loading=\"lazy\" decoding=\"async\" width=\"280\" height=\"135\" src=\"https:\/\/e-truckseurope.com\/wp-content\/uploads\/2017\/12\/interreg-1-1.jpg\" class=\"attachment-wccarousel size-wccarousel\" alt=\"\" srcset=\"https:\/\/e-truckseurope.com\/wp-content\/uploads\/2017\/12\/interreg-1-1.jpg 280w, https:\/\/e-truckseurope.com\/wp-content\/uploads\/2017\/12\/interreg-1-1-250x121.jpg 250w\" sizes=\"auto, (max-width: 280px) 100vw, 280px\" \/><\/a>\n\t\t\t\t<\/div><\/div><\/div>\n<\/div>  <\/div>\n<\/div>\n\n\n<div class=\"container pb-5\">\n  <div\n    class=\"specificationwrapper  \">\n    <h2 class=\"mb-5\">Technische Informationen<\/h2>\n    <div class=\"row\">\n          <\/div>\n    <div class=\"line\"><\/div>\n    <h3 class=\"mb-4\">Downloads<\/h3>\n         <div class=\"download\">\n      <a target=\"_blank\" class=\"d-flex flex-row align-items-center\" href=\"\">\n        <img decoding=\"async\" width=\"45\" src=\"https:\/\/e-truckseurope.com\/wp-content\/themes\/boostcreators\/dist\/images\/pdf.svg\" alt=\"PDF\"\/>\n        <p class=\"mb-0\">XX<\/p>\n      <\/a>\n    <\/div>\n      <\/div>\n<\/div>\n\n\n<div class=\"front-news newspage\">\n  <div class=\"container\">\n    <div class=\"row\">\n      <div class=\"col-12\">\n        <h2 class=\"bluecolor\">Neueste Nachrichten<\/h2>\n      <\/div>\n                             <div class=\"col-lg-6 col-sm-12\">\n          <div class=\"newsitem mb-3\">\n  <a href=\"https:\/\/e-truckseurope.com\/de\/e-trucks-europe-wird-wasserstofffahrzeuge-fuer-die-kurzzeitmiete-anbieten\/\">\n    <div class=\"newsitem-image-wrapper backgroundimage newsitem-image\"\n         style=\"background-image: url('https:\/\/e-truckseurope.com\/wp-content\/uploads\/2021\/10\/5B157159-4F13-4530-98CC-BA796B9ADE7A-768x576.jpeg')\">\n    <\/div>\n  <\/a>\n        <h3 class=\"newsitem-title\">E-TRUCKS EUROPE WIRD WASSERSTOFFFAHRZEUGE F\u00dcR DIE KURZZEITMIETE ANBIETEN.<\/h3>\n  <div class=\"newsitem-content\">\n    <!--<p>Wir als E-Trucks Europe sind stolz, den ersten Wasserstoff-M\u00fcllwagen unserer Mietflotte zu pr\u00e4sentieren. Wir werden Wasserstofffahrzeuge f\u00fcr die Kurzzeitmiete anbieten. Auf diese Weise wollen wir interessierten Abfallsammlern die M\u00f6glichkeit bieten, diese Form des emissionsfreien und leisen Transports auf zug\u00e4ngliche Weise kennenzulernen. Dieser M\u00fcllwagen ist auf der Messe Ecomobiel am 12, 13 und 14. Oktober in &hellip; <a href=\"https:\/\/e-truckseurope.com\/de\/e-trucks-europe-wird-wasserstofffahrzeuge-fuer-die-kurzzeitmiete-anbieten\/\">Continued<\/a><\/p>\n-->\n  <\/div>\n  <a href=\"https:\/\/e-truckseurope.com\/de\/e-trucks-europe-wird-wasserstofffahrzeuge-fuer-die-kurzzeitmiete-anbieten\/\" class=\"newsitem-readmore\">\n    Weiterlesen<\/a>\n<\/div>\n        <\/div>\n                 <div class=\"col-lg-6 col-sm-12\">\n          <div class=\"newsitem mb-3\">\n  <a href=\"https:\/\/e-truckseurope.com\/de\/e-trucks-europe-ist-auch-in-diesem-jahr-wieder-auf-der-zero-emission-trade-fair-vertreten\/\">\n    <div class=\"newsitem-image-wrapper backgroundimage newsitem-image\"\n         style=\"background-image: url('https:\/\/e-truckseurope.com\/wp-content\/uploads\/2021\/09\/Ecomobiel-logo-2-768x610.jpg')\">\n    <\/div>\n  <\/a>\n        <h3 class=\"newsitem-title\">E-TRUCKS EUROPE IST AUCH IN DIESEM JAHR WIEDER AUF DER ZERO EMISSION TRADE FAIR VERTRETEN.<\/h3>\n  <div class=\"newsitem-content\">\n    <!--<p>E-Trucks Europe wird auch dieses Jahr wieder auf der Zero Emission Messe vertreten sein. Die Messe bietet jedes Jahr praktische L\u00f6sungen f\u00fcr eine wirtschaftlichere und nachhaltigere Bew\u00e4ltigung von Mobilit\u00e4tsfragen. Die Messe findet am 12., 13. und 14. Oktober in den Brabanthallen in Den Bosch (Niederlande) statt. Sie k\u00f6nnen sich bis einschlie\u00dflich 11. Oktober kostenlos \u00fcber &hellip; <a href=\"https:\/\/e-truckseurope.com\/de\/e-trucks-europe-ist-auch-in-diesem-jahr-wieder-auf-der-zero-emission-trade-fair-vertreten\/\">Continued<\/a><\/p>\n-->\n  <\/div>\n  <a href=\"https:\/\/e-truckseurope.com\/de\/e-trucks-europe-ist-auch-in-diesem-jahr-wieder-auf-der-zero-emission-trade-fair-vertreten\/\" class=\"newsitem-readmore\">\n    Weiterlesen<\/a>\n<\/div>\n        <\/div>\n                          <!-- <div class=\"col-12\">\n        <a href=\"\" class=\"btn btn-blue\">\n        {?php\n          if (ICL_LANGUAGE_CODE == \"fr\") {\n            echo \"Plus d'actualit\u00e9s\";\n          } elseif (ICL_LANGUAGE_CODE == \"de\") {\n              echo 'Weitere Neuigkeiten';\n          }elseif (ICL_LANGUAGE_CODE == \"en\") {\n            echo 'More news';\n          }elseif (ICL_LANGUAGE_CODE == \"ml\") {\n            echo 'Meer nieuws';\n          }?}\n        <\/a>\n      <\/div> -->\n    <\/div>\n  <\/div>\n<\/div>\n","protected":false},"excerpt":{"rendered":"","protected":false},"author":6,"featured_media":0,"comment_status":"closed","ping_status":"closed","template":"","class_list":["post-138","etrucks","type-etrucks","status-publish","hentry"],"acf":[],"yoast_head":"<!-- This site is optimized with the Yoast SEO plugin v27.4 - https:\/\/yoast.com\/product\/yoast-seo-wordpress\/ -->\n<title>Interreg - Etrucks Europe<\/title>\n<meta name=\"robots\" content=\"noindex, follow\" \/>\n<meta property=\"og:locale\" content=\"de_DE\" \/>\n<meta property=\"og:type\" content=\"article\" \/>\n<meta property=\"og:title\" content=\"Interreg - Etrucks Europe\" \/>\n<meta property=\"og:url\" content=\"https:\/\/e-truckseurope.com\/de\/etrucks\/interreg\/\" \/>\n<meta property=\"og:site_name\" content=\"Etrucks Europe\" \/>\n<meta property=\"article:publisher\" content=\"https:\/\/e-truckseurope.com\/en\/etrucks\/etruck\/\" \/>\n<meta property=\"article:modified_time\" content=\"2020-09-04T08:46:34+00:00\" \/>\n<meta name=\"twitter:card\" content=\"summary_large_image\" \/>\n<script type=\"application\/ld+json\" class=\"yoast-schema-graph\">{\"@context\":\"https:\\\/\\\/schema.org\",\"@graph\":[{\"@type\":\"WebPage\",\"@id\":\"https:\\\/\\\/e-truckseurope.com\\\/de\\\/etrucks\\\/interreg\\\/\",\"url\":\"https:\\\/\\\/e-truckseurope.com\\\/de\\\/etrucks\\\/interreg\\\/\",\"name\":\"Interreg - Etrucks Europe\",\"isPartOf\":{\"@id\":\"https:\\\/\\\/e-truckseurope.com\\\/#website\"},\"datePublished\":\"2017-12-12T10:32:34+00:00\",\"dateModified\":\"2020-09-04T08:46:34+00:00\",\"breadcrumb\":{\"@id\":\"https:\\\/\\\/e-truckseurope.com\\\/de\\\/etrucks\\\/interreg\\\/#breadcrumb\"},\"inLanguage\":\"de\",\"potentialAction\":[{\"@type\":\"ReadAction\",\"target\":[\"https:\\\/\\\/e-truckseurope.com\\\/de\\\/etrucks\\\/interreg\\\/\"]}]},{\"@type\":\"BreadcrumbList\",\"@id\":\"https:\\\/\\\/e-truckseurope.com\\\/de\\\/etrucks\\\/interreg\\\/#breadcrumb\",\"itemListElement\":[{\"@type\":\"ListItem\",\"position\":1,\"name\":\"Home\",\"item\":\"https:\\\/\\\/e-truckseurope.com\\\/de\\\/\"},{\"@type\":\"ListItem\",\"position\":2,\"name\":\"Etrucks\",\"item\":\"https:\\\/\\\/e-truckseurope.com\\\/etrucks\\\/\"},{\"@type\":\"ListItem\",\"position\":3,\"name\":\"Interreg\"}]},{\"@type\":\"WebSite\",\"@id\":\"https:\\\/\\\/e-truckseurope.com\\\/#website\",\"url\":\"https:\\\/\\\/e-truckseurope.com\\\/\",\"name\":\"Etrucks Europe\",\"description\":\"Etrucks Europe\",\"potentialAction\":[{\"@type\":\"SearchAction\",\"target\":{\"@type\":\"EntryPoint\",\"urlTemplate\":\"https:\\\/\\\/e-truckseurope.com\\\/?s={search_term_string}\"},\"query-input\":{\"@type\":\"PropertyValueSpecification\",\"valueRequired\":true,\"valueName\":\"search_term_string\"}}],\"inLanguage\":\"de\"}]}<\/script>\n<!-- \/ Yoast SEO plugin. -->","yoast_head_json":{"title":"Interreg - Etrucks Europe","robots":{"index":"noindex","follow":"follow"},"og_locale":"de_DE","og_type":"article","og_title":"Interreg - Etrucks Europe","og_url":"https:\/\/e-truckseurope.com\/de\/etrucks\/interreg\/","og_site_name":"Etrucks Europe","article_publisher":"https:\/\/e-truckseurope.com\/en\/etrucks\/etruck\/","article_modified_time":"2020-09-04T08:46:34+00:00","twitter_card":"summary_large_image","schema":{"@context":"https:\/\/schema.org","@graph":[{"@type":"WebPage","@id":"https:\/\/e-truckseurope.com\/de\/etrucks\/interreg\/","url":"https:\/\/e-truckseurope.com\/de\/etrucks\/interreg\/","name":"Interreg - Etrucks Europe","isPartOf":{"@id":"https:\/\/e-truckseurope.com\/#website"},"datePublished":"2017-12-12T10:32:34+00:00","dateModified":"2020-09-04T08:46:34+00:00","breadcrumb":{"@id":"https:\/\/e-truckseurope.com\/de\/etrucks\/interreg\/#breadcrumb"},"inLanguage":"de","potentialAction":[{"@type":"ReadAction","target":["https:\/\/e-truckseurope.com\/de\/etrucks\/interreg\/"]}]},{"@type":"BreadcrumbList","@id":"https:\/\/e-truckseurope.com\/de\/etrucks\/interreg\/#breadcrumb","itemListElement":[{"@type":"ListItem","position":1,"name":"Home","item":"https:\/\/e-truckseurope.com\/de\/"},{"@type":"ListItem","position":2,"name":"Etrucks","item":"https:\/\/e-truckseurope.com\/etrucks\/"},{"@type":"ListItem","position":3,"name":"Interreg"}]},{"@type":"WebSite","@id":"https:\/\/e-truckseurope.com\/#website","url":"https:\/\/e-truckseurope.com\/","name":"Etrucks Europe","description":"Etrucks Europe","potentialAction":[{"@type":"SearchAction","target":{"@type":"EntryPoint","urlTemplate":"https:\/\/e-truckseurope.com\/?s={search_term_string}"},"query-input":{"@type":"PropertyValueSpecification","valueRequired":true,"valueName":"search_term_string"}}],"inLanguage":"de"}]}},"_links":{"self":[{"href":"https:\/\/e-truckseurope.com\/de\/wp-json\/wp\/v2\/etrucks\/138","targetHints":{"allow":["GET"]}}],"collection":[{"href":"https:\/\/e-truckseurope.com\/de\/wp-json\/wp\/v2\/etrucks"}],"about":[{"href":"https:\/\/e-truckseurope.com\/de\/wp-json\/wp\/v2\/types\/etrucks"}],"author":[{"embeddable":true,"href":"https:\/\/e-truckseurope.com\/de\/wp-json\/wp\/v2\/users\/6"}],"replies":[{"embeddable":true,"href":"https:\/\/e-truckseurope.com\/de\/wp-json\/wp\/v2\/comments?post=138"}],"wp:attachment":[{"href":"https:\/\/e-truckseurope.com\/de\/wp-json\/wp\/v2\/media?parent=138"}],"curies":[{"name":"wp","href":"https:\/\/api.w.org\/{rel}","templated":true}]}}

<div class="container my-5 py-5">
  <div class="row">
    <div class="col-12">
      <h2 class="bluecolor mb-5">Interreg Wasserstoffregion 2.0</h2>
    </div>
    <div class="col-md-6">
      <p>E-Trucks Europe baut hydrogenelektrische Hybrid-Müllwagen. Diese werden zu 100% elektrisch angetrieben, wodurch sie leise sind und keine Treibhausgase und Partikel ausstoßen. Um die Reichweite zu erweitern, ist bei diesen Fahrzeugen ein Hydrogensystem montiert, das Hydrogen mit reinem Wasser als Abfallprodukt in Elektrizität umgewandelt. Auf diese Weise können die Fahrzeuge 24 Stunden am Tag genutzt werden und bleiben sie leise und sauber. </p>
<p>Dann gibt’s immer noch Henne-Ei-Problem. Hydrogen kann im Prinzip einfach an Tankstellen getankt werden. Es gibt aber noch zu wenig Tankstellen für Wasserstoff, so dass die Nachfrage nach Hydrogenfahrzeuge nur allmählich steigt. </p>
<p>Eine Hydrogen-Tankstelle ist nur dann wirtschaftlich rentabel, wenn es ausreichend Kunden gibt. Um dieses Henne-Ei-Problem zu überwinden ist eine Zusammenarbeit in der Kette erforderlich, damit Angebot und Nachfrage von Hydrogen lokal gleichzeitig entstehen. </p>
<p>Die belgisch-niederländische Partnerschaft ‘Waterstofnet’ stimuliert und begleitet diese Zusammenarbeit in der Kette, mit Unterstützung von Interreg Vlaanderen-Nederland. E-trucks Europe stellt eine zunehmende Nachfrage von Regierungen nach Hydrogenmüllwagen fest, insbesondere zur innerstädtischen Abfallsammlung. Oft werden auch Hydrogen-Servicefahrzeuge benötigt. E-Trucks Europe möchte eine stimulierende Rolle bei der Schaffung der Nachfrage nach Hydrogenmobilität spielen, indem Kunden in dieses saubere Transportmittel eingeführt werden. Darüber hinaus, soll ein markenunabhängiges Konzept zur Wartung und Reparatur von Wassersystemen für Lkws und Pkws entwickelt werden. Nur eine begrenzte Anzahl von Händlern verfügt derzeit über das Fachwissen und die Einrichtungen um dies bereitzustellen. „Der Mangel an Service und Wartungsmöglichkeiten für Hydrogenfahrzeuge sollte kein Hindernis für die Entwicklung der Nachfrage nach diesem nachhaltigen Transportmittel sein“, sagte die Familie Beukers.</p>

    </div>
    <div class="col-md-6">
              <div class="video-container" style="background-image: url()">
            <a href="https://youtu.be/N6LADYakWUY" class="video"></a>
        </div>
          </div>
  </div>
</div>

<div class="container pb-4  ">
  <div class="photogallery">
    <h2 class="bluecolor mb-5">Fotogalerie</h2>
    <div class="wc-gallery"><div id='gallery-1' data-gutter-width='5' data-columns='3' class='gallery wc-gallery-captions-onhover gallery-link-file gallery-masonry galleryid-138 gallery-columns-3 gallery-size-wccarousel wc-gallery-bottomspace-default wc-gallery-clear'><div class='gallery-item gallery-item-position-1 gallery-item-attachment-1818'>
				<div class='gallery-icon landscape'>
					<a href='https://e-truckseurope.com/wp-content/uploads/2017/12/interreg-1-1.jpg' title='interreg-1' target='_self'><img loading="lazy" decoding="async" width="280" height="135" src="https://e-truckseurope.com/wp-content/uploads/2017/12/interreg-1-1.jpg" class="attachment-wccarousel size-wccarousel" alt="" srcset="https://e-truckseurope.com/wp-content/uploads/2017/12/interreg-1-1.jpg 280w, https://e-truckseurope.com/wp-content/uploads/2017/12/interreg-1-1-250x121.jpg 250w" sizes="auto, (max-width: 280px) 100vw, 280px" /></a>
				</div></div></div>
</div>  </div>
</div>


<div class="container pb-5">
  <div
    class="specificationwrapper  ">
    <h2 class="mb-5">Technische Informationen</h2>
    <div class="row">
          </div>
    <div class="line"></div>
    <h3 class="mb-4">Downloads</h3>
         <div class="download">
      <a target="_blank" class="d-flex flex-row align-items-center" href="">
        <img decoding="async" width="45" src="https://e-truckseurope.com/wp-content/themes/boostcreators/dist/images/pdf.svg" alt="PDF"/>
        <p class="mb-0">XX</p>
      </a>
    </div>
      </div>
</div>


<div class="front-news newspage">
  <div class="container">
    <div class="row">
      <div class="col-12">
        <h2 class="bluecolor">Neueste Nachrichten</h2>
      </div>
                             <div class="col-lg-6 col-sm-12">
          <div class="newsitem mb-3">
  <a href="https://e-truckseurope.com/de/e-trucks-europe-wird-wasserstofffahrzeuge-fuer-die-kurzzeitmiete-anbieten/">
    <div class="newsitem-image-wrapper backgroundimage newsitem-image"
         style="background-image: url('https://e-truckseurope.com/wp-content/uploads/2021/10/5B157159-4F13-4530-98CC-BA796B9ADE7A-768x576.jpeg')">
    </div>
  </a>
        <h3 class="newsitem-title">E-TRUCKS EUROPE WIRD WASSERSTOFFFAHRZEUGE FÜR DIE KURZZEITMIETE ANBIETEN.</h3>
  <div class="newsitem-content">
    <!--<p>Wir als E-Trucks Europe sind stolz, den ersten Wasserstoff-Müllwagen unserer Mietflotte zu präsentieren. Wir werden Wasserstofffahrzeuge für die Kurzzeitmiete anbieten. Auf diese Weise wollen wir interessierten Abfallsammlern die Möglichkeit bieten, diese Form des emissionsfreien und leisen Transports auf zugängliche Weise kennenzulernen. Dieser Müllwagen ist auf der Messe Ecomobiel am 12, 13 und 14. Oktober in &hellip; <a href="https://e-truckseurope.com/de/e-trucks-europe-wird-wasserstofffahrzeuge-fuer-die-kurzzeitmiete-anbieten/">Continued</a></p>
-->
  </div>
  <a href="https://e-truckseurope.com/de/e-trucks-europe-wird-wasserstofffahrzeuge-fuer-die-kurzzeitmiete-anbieten/" class="newsitem-readmore">
    Weiterlesen</a>
</div>
        </div>
                 <div class="col-lg-6 col-sm-12">
          <div class="newsitem mb-3">
  <a href="https://e-truckseurope.com/de/e-trucks-europe-ist-auch-in-diesem-jahr-wieder-auf-der-zero-emission-trade-fair-vertreten/">
    <div class="newsitem-image-wrapper backgroundimage newsitem-image"
         style="background-image: url('https://e-truckseurope.com/wp-content/uploads/2021/09/Ecomobiel-logo-2-768x610.jpg')">
    </div>
  </a>
        <h3 class="newsitem-title">E-TRUCKS EUROPE IST AUCH IN DIESEM JAHR WIEDER AUF DER ZERO EMISSION TRADE FAIR VERTRETEN.</h3>
  <div class="newsitem-content">
    <!--<p>E-Trucks Europe wird auch dieses Jahr wieder auf der Zero Emission Messe vertreten sein. Die Messe bietet jedes Jahr praktische Lösungen für eine wirtschaftlichere und nachhaltigere Bewältigung von Mobilitätsfragen. Die Messe findet am 12., 13. und 14. Oktober in den Brabanthallen in Den Bosch (Niederlande) statt. Sie können sich bis einschließlich 11. Oktober kostenlos über &hellip; <a href="https://e-truckseurope.com/de/e-trucks-europe-ist-auch-in-diesem-jahr-wieder-auf-der-zero-emission-trade-fair-vertreten/">Continued</a></p>
-->
  </div>
  <a href="https://e-truckseurope.com/de/e-trucks-europe-ist-auch-in-diesem-jahr-wieder-auf-der-zero-emission-trade-fair-vertreten/" class="newsitem-readmore">
    Weiterlesen</a>
</div>
        </div>
                          <!-- <div class="col-12">
        <a href="" class="btn btn-blue">
        {?php
          if (ICL_LANGUAGE_CODE == "fr") {
            echo "Plus d'actualités";
          } elseif (ICL_LANGUAGE_CODE == "de") {
              echo 'Weitere Neuigkeiten';
          }elseif (ICL_LANGUAGE_CODE == "en") {
            echo 'More news';
          }elseif (ICL_LANGUAGE_CODE == "ml") {
            echo 'Meer nieuws';
          }?}
        </a>
      </div> -->
    </div>
  </div>
</div>
